hat is the greatest common divisor of 36 and 535482?
18
What is the greatest common divisor of 36 and 21366?
18
Calculate the greatest common factor of 4107 and 14208.
111
Calculate the highest common factor of 360 and 267048.
72
Calculate the highest common divisor of 12 and 30234.
6
Calculate the greatest common divisor of 42 and 813729.
21
What is the highest common divisor of 4829 and 66?
11
What is the highest common factor of 20315 and 85?
85
What is the highest common factor of 55 and 13675?
5
What is the greatest common divisor of 465805 and 590?
295
Calculate the greatest common divisor of 423 and 777991.
47
Calculate the greatest common factor of 140 and 319270.
70
What is the greatest common factor of 73 and 273969?
73
What is the highest common factor of 378 and 3934?
14
What is the highest common factor of 304850 and 455?
455
Calculate the highest common factor of 16293 and 228.
3
What is the greatest common divisor of 308352 and 5808?
528
What is the highest common divisor of 107786 and 98?
14
What is the highest common divisor of 48217 and 26?
13
What is the highest common divisor of 4336670 and 260?
130
What is the greatest common divisor of 877314 and 438?
438
What is the highest common divisor of 38 and 635740?
38
What is the greatest common factor of 5617 and 1271?
41
Calculate the greatest common factor of 2645972 and 212.
212
Calculate the highest common factor of 11976 and 132.
12
What is the greatest common divisor of 153 and 103581?
153
Calculate the greatest common divisor of 23147 and 46001.
293
What is the greatest common factor of 23230 and 606?
202
What is the greatest common divisor of 664215 and 390?
15
Calculate the greatest common factor of 220081 and 116.
29
Calculate the greatest common divisor of 319642 and 142.
142
What is the greatest common divisor of 266 and 28126?
14
Calculate the highest common factor of 3652 and 6446.
22
Calculate the greatest common divisor of 11001 and 1737.
579
What is the highest common factor of 350082 and 18?
18
Calculate the greatest common divisor of 180826 and 138.
46
Calculate the highest common factor of 9 and 1068633.
9
Calculate the highest common divisor of 92947 and 82.
41
What is the greatest common factor of 110 and 19085?
55
Calculate the greatest common divisor of 140439 and 9141.
831
What is the greatest common factor of 426 and 2796?
6
Calculate the highest common factor of 241328 and 136.
8
Calculate the greatest common divisor of 768 and 4428.
12
What is the greatest common divisor of 6324 and 11373?
51
What is the greatest common factor of 16 and 28528?
16
What is the greatest common divisor of 1776 and 29584?
16
Calculate the greatest common divisor of 1400 and 48040.
40
What is the highest common divisor of 518 and 4942?
14
What is the greatest common divisor of 17 and 197404?
17
Calculate the highest common divisor of 164 and 1724132.
164
Calculate the greatest common factor of 14 and 354732.
14
Calculate the greatest common divisor of 6 and 12386.
2
What is the greatest common divisor of 602 and 148264?
86
Calculate the greatest common factor of 228 and 1296408.
228
Calculate the highest common factor of 122 and 70516.
122
What is the greatest common divisor of 27231 and 1102?
29
What is the greatest common divisor of 18 and 16602?
6
Calculate the highest common factor of 4895715 and 165.
165
What is the greatest common factor of 100 and 31980?
20
Calculate the highest common divisor of 10675 and 152195.
305
Calculate the highest common factor of 97824 and 204.
12
Calculate the greatest common factor of 9625 and 181475.
175
Calculate the greatest common divisor of 2950 and 3950.
50
Calculate the greatest common factor of 9 and 406449.
9
What is the greatest common divisor of 24 and 32394?
6
Calculate the greatest common divisor of 1044 and 4464.
36
Calculate the greatest common factor of 1584 and 27696.
48
Calculate the highest common divisor of 9 and 58761.
9
What is the greatest common divisor of 64535 and 5?
5
Calculate the highest common factor of 157 and 17419150.
157
What is the highest common divisor of 920 and 9430?
230
Calculate the highest common factor of 101376 and 38808.
792
Calculate the greatest common factor of 104 and 14624.
8
Calculate the greatest common factor of 7680 and 90.
30
Calculate the greatest common factor of 1341 and 232589.
149
Calculate the greatest common factor of 131406 and 1936.
242
What is the greatest common factor of 152 and 72124?
76
What is the greatest common divisor of 1008 and 5472?
144
Calculate the highest common factor of 324 and 259308.
108
Calculate the greatest common factor of 451962 and 84.
42
Calculate the highest common factor of 27482 and 3322.
302
What is the greatest common divisor of 30576 and 15639?
39
What is the highest common factor of 196023 and 362?
181
Calculate the greatest common factor of 65679 and 3.
3
Calculate the highest common divisor of 1466 and 958.
2
Calculate the highest common factor of 8658 and 3564.
18
Calculate the greatest common factor of 59 and 160244.
59
Calculate the highest common divisor of 2793 and 14847.
147
What is the highest common factor of 879615 and 55?
55
Calculate the greatest common divisor of 68 and 255578.
34
Calculate the highest common factor of 5010 and 96.
6
What is the greatest common factor of 396 and 12375?
99
Calculate the greatest common divisor of 1625 and 98875.
125
What is the greatest common divisor of 19152 and 28880?
304
What is the greatest common divisor of 84413 and 62?
31
Calculate the greatest common divisor of 13 and 106223.
13
What is the greatest common divisor of 126 and 62055?
63
What is the greatest common divisor of 20 and 404104?
4
Calculate the highest common factor of 48685 and 1820.
455
Calculate the greatest common factor of 187037 and 3392.
53
Calculate the highest common factor of 25840 and 250.
10
What is the highest common divisor of 91368 and 63?
9
What is the greatest common divisor of 132804 and 36?
36
What is the greatest common divisor of 728 and 110292?
364
Calculate the greatest common divisor of 22401 and 3933.
171
Calculate the highest common factor of 12102 and 126.
6
What is the highest common divisor of 252 and 28392?
84
Calculate the greatest common divisor of 1440 and 79776.
288
Calculate the greatest common divisor of 28 and 102452.
28
What is the highest common factor of 872157 and 437?
19
Calculate the highest common factor of 682194 and 12.
6
Calculate the highest common divisor of 2812908 and 12.
12
What is the highest common factor of 1937 and 117?
13
What is the highest common divisor of 124 and 5518?
62
Calculate the greatest common factor of 28944 and 132.
12
Calculate the greatest common divisor of 594 and 7634.
22
What is the highest common factor of 60 and 33240?
60
Calculate the highest common divisor of 2288 and 23348.
52
What is the highest common divisor of 7 and 2003?
1
Calculate the highest common factor of 928 and 2053664.
928
What is the highest common factor of 54 and 129126?
6
What is the greatest common factor of 6799 and 533?
13
Calculate the greatest common divisor of 63272 and 143.
11
Calculate the greatest common factor of 778720 and 1040.
80
Calculate the highest common factor of 3850 and 371910.
770
What is the greatest common factor of 49648 and 15776?
464
Calculate the greatest common divisor of 44005 and 52.
13
Calculate the greatest common factor of 12942 and 45.
9
Calculate the highest common divisor of 26718 and 1830.
366
What is the greatest common factor of 436440 and 152?
8
Calculate the highest common divisor of 64000 and 1750.
250
Calculate the highest common factor of 6272 and 1960.
392
Calculate the highest common divisor of 1272 and 53832.
24
Calculate the highest common divisor of 567 and 418383.
63
Calculate the highest common factor of 6296 and 224.
8
What is the greatest common factor of 182 and 308178?
26
Calculate the highest common divisor of 28038 and 162.
6
What is the highest common factor of 840 and 797370?
210
What is the highest common divisor of 7965 and 459?
27
What is the greatest common divisor of 332 and 829004?
332
Calculate the highest common divisor of 256 and 7440.
16
Calculate the greatest common divisor of 2763813 and 26.
13
What is the h